 167892. Determine c(-9).
102
Let k(p) = -81*p**2 - 1374*p + 39. Determine k(-17).
-12
Let u(q) = q**3 + 168*q**2 - 4183*q + 276. Give u(-190).
846
Let m(n) = -n**3 + 18*n**2 - 80434*n + 1528606. Calculate m(19).
-1
Let y(n) = 219864*n - 879372. Give y(4).
84
Let k(v) = -18*v**2 - 1004*v - 13894. What is k(-31)?
-68
Let b(f) = -f**3 + 30*f**2 - 178*f + 105. What is b(27)?
-2514
Let j(n) = -n**3 - 74*n**2 - 31050*n + 62399. Give j(2).
-5
Let t(z) = 5*z**3 + 86*z**2 + 67*z + 571. Determine t(-11).
3585
Let d(x) = 1101*x + 4726. Calculate d(-4).
322
Let i(v) = -v**3 - 37*v**2 + 19*v + 5960. Calculate i(-32).
232
Let t(n) = -335*n + 110899. What is t(331)?
14
Let u(r) = 6*r**3 - 20*r**2 + 36*r - 201. Calculate u(4).
7
Let o(s) = -3*s**3 + 433*s**2 + 347*s - 8272. Give o(145).
-7
Let b(r) = 113*r**2 + 27011*r + 468. Calculate b(-239).
-488
Let w(j) = 2057*j - 26741. What is w(13)?
0
Let m(n) = 80070*n - 320296. Calculate m(4).
-16
Let g(u) = 2*u**3 + 183*u**2 + 1781*u + 63. Calculate g(-11).
-47
Let l(u) = -58*u**2 - 8144*u + 4759. Determine l(-141).
-35
Let m(y) = -2568*y + 166932. Give m(65).
12
Let t(w) = -691*w - 73923. What is t(-107)?
14
Let r(u) = -2*u**2 - 2005*u - 7978. Calculate r(-4).
10
Let v(x) = -x**3 + 70*x**2 + 45*x + 2125. Determine v(71).
279
Let w(p) = 2*p**2 + 12629*p + 176294. Give w(-14).
-120
Let g(f) = f**3 + 60*f**2 + 460*f - 2231. What is g(-13)?
-268
Let q(h) = 590*h - 21299. Determine q(33).
-1829
Let h(r) = 3*r**2 - 2176*r + 10889. Calculate h(5).
84
Let z(m) = -5*m**2 - 892*m - 2590. Give z(-178).
-2234
Let j(c) = -2*c**3 - 8*c**2 + 44238*c + 132737. What is j(-3)?
5
Let g(l) = -291*l**2 + 879*l + 5. Give g(3).
23
Let c(i) = -13*i + 1955. Determine c(143).
96
Let f(c) = -c**2 + 24826*c - 148917. Give f(6).
3
Let u(y) = y**3 - 82*y**2 + 77*y + 20. Give u(81).
-304
Let b(i) = -15179*i - 1730413. Determine b(-114).
-7
Let k(q) = 860*q - 29322. Calculate k(34).
-82
Let l(c) = -2*c**3 - 220*c**2 + 12767*c + 44. Calculate l(42).
2
Let d(z) = z**3 + 369*z**2 + 100*z + 36830. Determine d(-369).
-70
Let a(k) = -11*k**2 + 32*k + 129. What is a(5)?
14
Let h(m) = -151*m**3 + 9*m**2 + 3*m + 1. Calculate h(0).
1
Let l(a) = -a**2 + 75*a + 3414. What is l(-32)?
-10
Let t(r) = -r**3 + 26*r**2 + 1409*r + 15185. What is t(56)?
9
Let a(i) = 3*i**2 - 146*i + 1130. What is a(39)?
-1
Let w(b) = -b**2 + 1902*b + 52146. What is w(-27)?
63
Let i(b) = -b**3 - 98*b**2 - 480*b - 1412. Give i(-93).
-17
Let v(n) = 18*n**2 - 3303*n + 1560. Give v(183).
-87
Let o(b) = 244169*b + 40532057. Give o(-166).
3
Let k(d) = -d**3 + 227*d**2 - 214*d - 53119. Give k(225).
-19
Let z(u) = 8*u**2 + 25*u - 70. Calculate z(3).
77
Let c(k) = 5*k**2 + 3770*k - 18930. Determine c(5).
45
Let d(t) = -2115841*t - 1. Calculate d(0).
-1
Let t(k) = 86*k**2 - 741*k + 967. Determine t(7).
-6
Let a(o) = 99049*o + 1188481. Give a(-12).
-107
Let h(i) = 9*i**3 - 8*i**2 + 6*i + 34. Determine h(-2).
-82
Let k(d) = -50*d**2 - 8*d + 41. Give k(7).
-2465
Let n(w) = -109*w - 195. Determine n(-5).
350
Let p(j) = -11*j**2 - 366*j - 3773. Determine p(-10).
-1213
Let p(a) = 722*a**3 - 54*a**2 + 54*a + 2. Calculate p(1).
724
Let n(b) = b**3 - 17*b**2 + 660*b - 12180. Give n(18).
24
Let c(i) = i**3 + 169*i**2 + 1884*i - 75. Determine c(-157).
-75
Let g(x) = x**3 - 41*x**2 - 100*x + 649. Give g(43).
47
Let y(d) = -427*d - 1041. Determine y(-7).
1948
Let y(v) = 29021*v**2 - 348249*v - 33. Give y(12).
3
Let j(l) = -123534*l + 4200137. Calculate j(34).
-19
Let l(a) = -a**3 + 19*a**2 - 49*a - 113. What is l(16)?
-129
Let q(k) = -3*k**2 + 945*k - 47592. Determine q(252).
36
Let i(w) = -5558*w**3 + 620*w + 620. Calculate i(-1).
5558
Let w(l) = 326*l - 42731. Determine w(131).
-25
Let o(r) = 24*r**2 - 246*r + 55. Determine o(8).
-377
Let s(q) = 8421*q - 227361. What is s(27)?
6
Let d(t) = -183513*t + 2569183. What is d(14)?
1
Let o(b) = 39*b**2 - 5078*b + 1022. Determine o(130).
-18
Let x(s) = 2*s**2 + 100*s + 816. Give x(-9).
78
Let v(m) = m**2 - 374*m - 13386. Give v(-35).
929
Let f(x) = -1885*x + 60. What is f(0)?
60
Let x(u) = -u**3 + 165*u**2 - 62*u + 37845. Determine x(166).
-3
Let s(x) = 225*x + 6803. Determine s(-31).
-172
Let d(p) = 572*p + 14844. Determine d(-30).
-2316
Let h(l) = -2*l**2 + 197*l - 2610. Give h(63).
1863
Let j(s) = 662*s + 55555. Determine j(-84).
-53
Let b(d) = 6459*d - 26365. Determine b(4).
-529
Let n(k) = -4696*k + 826497. What is n(176)?
1
Let y(n) = 849*n + 17805. Determine y(-21).
-24
Let c(i) = 9*i**3 + 261*i - 1308. Give c(5).
1122
Let y(k) = 4*k**2 + 15948*k - 449683. Give y(28).
-3
Let z(o) = 5163*o - 15511. Calculate z(3).
-22
Let m(h) = -17*h**2 + 6367*h + 2998. What is m(375)?
-2
Let r(a) = 1143*a - 9447. Determine r(8).
-303
Let j(k) = -28*k**2 - 17368*k - 5329. Give j(-620).
-369
Let q(z) = 2622*z + 1316239. Determine q(-502).
-5
Let p(z) = 26*z**2 - 3721*z - 7193. Determine p(145).
-88
Let a(m) = 130*m**2 + 2191*m + 1793. Calculate a(-16).
17
Let t(l) = -l**3 - 59*l**2 + 134*l + 1106. What is t(-61)?
374
Let p(m) = 806*m + 36487. Give p(-45).
217
Let t(w) = -328*w - 69083. What is t(-211)?
125
Let z(u) = -40*u**2 + 1862*u + 850. Determine z(47).
4
Let h(x) = -7*x**3 - 199*x**2 + 1008*x - 1576. Determine h(-33).
8
Let q(b) = 1629739*b - 13037911. Determine q(8).
1
Let z(p) = -87933*p + 6067377. Give z(69).
0
Let q(l) = 4305*l - 1205351. Calculate q(280).
49
Let a(u) = 4*u**2 - 1296*u + 2644. Calculate a(322).
68
Let h(l) = 59*l**2 - 24*l - 53. Give h(-2).
231
Let t(r) = -2206*r + 6614. What is t(3)?
-4
Let h(c) = -c**2 + 1375*c + 65250. Determine h(-46).
-116
Let x(p) = -p**3 + 269*p**2 - 18*p + 4830. Give x(269).
-12
Let v(r) = -664*r - 15254. Determine v(-23).
18
Let j(u) = -7188*u + 64701. Determine j(9).
9
Let o(k) = 4*k**3 - 973*k**2 - 741*k + 2257. Give o(244).
61
Let k(q) = -12*q**2 - 517*q - 4181. Determine k(-32).
75
Let p(s) = 3*s**2 - 304*s + 689. Determine p(99).
-4
Let t(r) = 293*r + 55276. Calculate t(-197).
-2445
Let y(a) = -16716*a - 1939060. What is y(-116)?
-4
Let c(t) = 1516*t - 46987. What is c(31)?
9
Let q(b) = -790*b - 9530. Give q(-12).
-50
Let a(x) = 1107*x**2 - 3271*x - 4. Determine a(3).
146
Let o(s) = -698828*s - 16771865. Calculate o(-24).
7
Let a(m) = -11*m**2 - 347*m + 2005. Give a(5).
-5
Let u(j) = -3*j**2 - 684*j - 13035. Calculate u(-207).
6
Let u(f) = 3*f**2 + 92*f + 819. What is u(-15)?
114
Let c(u) = 159*u**3 - 15*u**2 + 153*u + 380. Determine c(-2).
-1258
Let a(b) = 2*b**2 - 328*b + 2269. Determine a(7).
71
Let z(b) = 3*b**3 + 47*b**2 - 2982*b - 49529. Calculate z(-17).
9
Let j(m) = -2*m**2 - 188*m - 2849. What is j(-24)?
511
Let z(x) = -80*x**3 + 9520*x**2 + 3*x - 569. Determine z(119).
-212
Let r(g) = 618*g**3 - 4943*g**2 - 5*g - 13. Calculate r(8).
11
Let y(a) = -52084*a - 208337. Calculate y(-4).
-1
Let t(h) = -683*h - 293696. What is t(-430)?
-6
Let y(i) = -3*i**3 - 278*i**2 - 187*i + 210. Calculate y(-92).
486
Let s(f) = f**2 - 83*f + 1463. Determine s(38).
-247
Let u(q) = 2*q**3 - 1576*q**2 + 4717*q - 1. Calculate u(3).
20
Let k(l) = 5011*l + 1834090. What is k(-366)?
64
Let k(i) = i**2 + 235*i - 8428. Give k(-265).
-478
Let c(q) = q**2 - 326*q + 16508. Determine c(260).
-652
Let a(q) = -q**3 - 107*q**2 + 13641*q + 683. Determine a(75).
8
Let s(i) = -10560*i - 137221. Determine s(-13).
59
Let g(y) = -y**3 + 364*y**2 - 6243*y + 5224. Calculate g(346).
34
Let t(z) = -8*z**2 - 7519*z + 74844. Give t(10).
-1146
Let c(p) = -p**3 + 3*p**2 + 358*p + 548. Determine c(-16).
-316
Let f(p) = 40*p**3 - 24560*p**2 - 5*p + 3082. What is f(614)?
12
Let t(h) = -10*h**2 - 12703*h - 38099. Calculate t(-3).
-80
Let d(z) = 688*z**2 - 24083*z + 115. What is d(35)?
10
Let x(l) = 188*l + 4135. Give x(-11).
2067
Let p(c) = 121813*c + 13. Determine p(0).
13
Let n(s) = 43*s**2 + 3*s + 32. Give n(-2).
198
Let z(c) = -578*c + 211551. What is z(366)?
3
Let s(b) = b**3 + 24*b**2 + 98*b + 576. Give s(-22).
-612
Let v(z) = 3*z**2 - 3490*z + 68564. What is v(20)?
-36
Let h(n) = -2*n**3 + 1485*n**2 + 2271*n - 29023. Determine h(744).
-7
Let m(j) = 231*j + 23050. What is m(-98)?
412
Let z(o) = 2*o**2 + 1985*o - 5972. Give z(3).
1
Let s(d) = -d**3 + 41*d**2 + 479*d - 15172. Determine s(17).
-93
Let c(o) = -57207*o**2 + 57231*o - 11. Give c(1).
13